Calculate the remainder when f is divided by u.
7
Let a = -56 + 88. Calculate the remainder when 126 is divided by a.
30
Let o(l) = 62*l - 6. What is the remainder when o(2) is divided by 15?
13
Let k(c) = 11*c - 10. Let t(h) = h - 1. Let v(x) = k(x) - 6*t(x). What is the remainder when 382/18 - 2/9 is divided by v(2)?
3
Let x = 12 + -9. What is the remainder when 5 is divided by x?
2
What is the remainder when ((-12)/(-8))/((-3)/(-176)) is divided by 18?
16
Let k(w) = 5*w**3. Let f be k(2). Let l = f - 21. Calculate the remainder when 36 is divided by l.
17
Let n(q) = -q**3 + 4*q**2 - 4*q + 2. Let c be n(2). Suppose 3*h - 4*h - b = c, -2*h + 21 = -3*b. Calculate the remainder when 10 is divided by h.
1
Suppose -9 - 9 = i + 5*l, -2*i - l - 54 = 0. Let c = 43 + i. What is the remainder when c is divided by 8?
7
Suppose 2*z - 3*g = 7*z - 98, 3*z - 5*g = 52. Calculate the remainder when z is divided by 10.
9
Let y(s) be the first derivative of -3*s**2/2 - 4*s + 2. Let u(h) = -2*h**2 + 1. Let o be u(2). What is the remainder when y(o) is divided by 6?
5
Let z = 7 + -3. Let j(q) = -2*q - 3. What is the remainder when j(-5) is divided by z?
3
Let j = 27 + 36. What is the remainder when j is divided by 13?
11
Calculate the remainder when 88 is divided by (-3)/18 + (-362)/(-12).
28
Suppose 59 + 142 = 3*c. Let v = -48 + c. Suppose -2*u + 12 = s - 5*s, -u + 4*s + 2 = 0. Calculate the remainder when v is divided by u.
9
Suppose -5*s - 10 = 0, 29 + 23 = 3*z - 5*s. Calculate the remainder when 55 is divided by z.
13
Let x be (96/1)/(21/(-14)). Let y = x + 89. Suppose -2*n = -4*n + 18. Calculate the remainder when y is divided by n.
7
Calculate the remainder when (11804/8)/13 - (-1)/2 is divided by 39.
36
Suppose 0 = 8*q - 10*q + 92. Calculate the remainder when 135 is divided by q.
43
Let h = 59 + -55. Calculate the remainder when 5 is divided by h.
1
Let m(v) = -10*v - 4. Let t = 1 + 1. Calculate the remainder when m(-3) is divided by 15 + (3 - t - 2).
12
Suppose -a + 6*a - 172 = -3*i, -4*a - 3*i = -140. Suppose -v + 3*c + 8 = 0, 0 = 2*v - 2*c + 3*c - 37. Calculate the remainder when a is divided by v.
15
Let q = 7 + 11. What is the remainder when 70 is divided by q?
16
Suppose -4*i - c = c - 8, -8 = -3*i - c. Calculate the remainder when 9 is divided by i.
1
Suppose 2*u + 48 - 122 = 0. Calculate the remainder when u is divided by 10.
7
Suppose -3*p = -2*q + 66, -q - 3*q - 3*p + 168 = 0. Let f(r) = -4*r**3 - 4*r**2 - 2*r + 0*r + 0*r. Calculate the remainder when q is divided by f(-2).
19
Let f(k) = 8*k. Suppose 10*q - 13*q = -51. What is the remainder when f(6) is divided by q?
14
Suppose -2*y = 3*y - 875. Suppose y = -c - 4*c. Let d = c - -55. Calculate the remainder when d is divided by 7.
6
What is the remainder when 5 is divided by 64/8*(-3)/(-8)?
2
Let g(y) = -14*y + 5. Let f be g(-8). Suppose -k + 102 = 4*p, -5*k - f = -5*p - k. Calculate the remainder when p is divided by 9.
7
Suppose 9*g - 13*g + 148 = 0. Calculate the remainder when 145 is divided by g.
34
Let k(w) = -w**2 + 10*w - 5. Suppose 6 = -5*o + 2*o. Let m be 4 + o + 0 + 7. Calculate the remainder when 6 is divided by k(m).
2
Let f = 16 + -23. Let v = 19 + f. Calculate the remainder when v is divided by 1/2 - ((-33)/6 - 1).
5
Suppose 7*l - 12*l + 35 = 0. Let h(w) = -w**3 - 7*w**2 - 9*w - 7. Calculate the remainder when h(-6) is divided by l.
4
Let h(d) = -9*d - 7. What is the remainder when h(-3) is divided by 7?
6
Suppose -i + 28 = 14. Calculate the remainder when 81 is divided by i.
11
Let q = 19 + 6. Calculate the remainder when q is divided by 14.
11
Let f = -97 + 105. What is the remainder when 45 is divided by f?
5
Let r(w) = 4*w + 3. Let y be (10/(-4))/(5/(-70)). Suppose 0 = -3*o - 2*o + y. Calculate the remainder when r(4) is divided by o.
5
Suppose -2*a + 3*t = -4*a + 91, 5*t - 63 = -a. Calculate the remainder when a is divided by 20.
18
Let z = 0 + 7. Suppose -5*u + z = 2. Calculate the remainder when 7/((-1 - -2)*u) is divided by 3.
1
Let s(y) = y + 8. What is the remainder when (-2)/9 - 362/(-9) is divided by s(6)?
12
Suppose 0 = 5*w - 295 + 175. Calculate the remainder when 69 is divided by w.
21
Suppose 3*t = 23 + 1. Calculate the remainder when 28 is divided by t.
4
Let s(h) = h**2 + 2*h + 1. Suppose -2*r + 357 = 297. What is the remainder when r is divided by s(-5)?
14
Let q = 9 + 6. What is the remainder when (-394)/(-9) - (-8)/36 is divided by q?
14
What is the remainder when -10*-1*9/6 is divided by 9?
6
Suppose -4*j - j + 80 = 0. Let i = -143 + 148. What is the remainder when j is divided by i?
1
Let c be ((-38)/(-8))/(1/4). Let a = c - 10. What is the remainder when 26 is divided by a?
8
Let s(l) = -9*l + 1. Let v = -62 - -101. Calculate the remainder when v is divided by s(-1).
9
Suppose 4*g - g = -4*l + 143, -3*g - 9 = 0. Calculate the remainder when l is divided by 10.
8
Let v(i) be the first derivative of i**3/3 - i**2 - 2*i + 2. Let t be v(4). What is the remainder when 95*3/(45/t) is divided by 13?
12
Calculate the remainder when 23 is divided by 7 + -3*(-4)/(-12).
5
Let o(c) = -6*c. Let m be o(1). Let k(l) = -l**2 - 7*l - 3. Calculate the remainder when 4 is divided by k(m).
1
Suppose x - 17*x + 80 = 0. Calculate the remainder when 10 is divided by x.
0
What is the remainder when 8/(-4) - (1 - 30) is divided by 3?
0
Suppose 4*z + 5*l = l + 860, 0 = z - 5*l - 221. Calculate the remainder when z is divided by 55.
51
Let j = 23 - -10. Let x = -18 + j. What is the remainder when 43 is divided by x?
13
Let m = -42 + 174. Calculate the remainder when m is divided by 28.
20
Let d = 4 - 2. Suppose -a + 7 = 4*y + 3, 2*a + d*y = 14. What is the remainder when 23 is divided by a?
7
Let a = -2 - -4. What is the remainder when a is divided by 2?
0
Let n(b) be the third derivative of -7*b**4/24 + b**2. Calculate the remainder when n(-5) is divided by 12/22 - ((-1260)/(-22))/(-5).
11
Suppose 3*m + m + 2*y = 530, 0 = -3*y + 3. Calculate the remainder when m is divided by 27.
24
Let b be 0/(2/(-1 + -1)). Suppose 2*f - f - 2 = b. Suppose 95 = 3*v + f*v. Calculate the remainder when v is divided by 10.
9
Let l = 48 - -9. What is the remainder when l is divided by 10?
7
Let i = 11 - 5. Let w = -5 + i. Suppose -4*n + 25 - w = 0. Calculate the remainder when 21 is divided by n.
3
Let i(v) be the first derivative of v**2/2 - 2*v + 3. Calculate the remainder when 64/12*(-6)/(-4) is divided by i(7).
3
What is the remainder when 53 is divided by (-1280)/(-90) - 4/18?
11
Let p = 20 - 16. Calculate the remainder when 63 is divided by 19 + -4 + p/4.
15
Let s(p) = p**3 + 185. What is the remainder when s(0) is divided by 38?
33
Let h(a) be the third derivative of a**6/30 - a**5/15 + a**4/8 - a**3/6 + 4*a**2. Calculate the remainder when h(2) is divided by 6.
3
Let j(f) = 4*f - 15. Calculate the remainder when 17 is divided by j(6).
8
Let z be (-8)/((-2)/(-1) + -4). Calculate the remainder when 5 is divided by 8/z + (1 - 1).
1
Calculate the remainder when 573/9 + 2/(-3) is divided by 16.
15
Let o = 22 - 9. What is the remainder when 38 is divided by o?
12
Let c = -15 + 29. What is the remainder when -41*(2 + (-3 - 0)) is divided by c?
13
Let j = 24 + -14. Let i = j - 7. Suppose i*h - 2*w - 2 = 0, -2*h = 2*h - 3*w - 1. What is the remainder when h is divided by 2?
0
Suppose -5*o = 3*o - 128. What is the remainder when 29 is divided by o?
13
Suppose 0 = -3*t + 2*s + 2*s + 44, 0 = -t + 5*s + 11. Let n be (-2)/14 + (-96)/14. Let m = t + n. Calculate the remainder when m is divided by 5.
4
Calculate the remainder when 1/(-2)*(-416)/16 is divided by 7.
6
Let j = -7 - -12. Let o be 41*(2 - (-2 - -3)). Let s = o - 27. What is the remainder when s is divided by j?
4
Let o(y) = 5*y + 43. What is the remainder when o(15) is divided by 20?
18
Suppose 5*v - 50 = l, -v - l + 1 = -9. What is the remainder when 26 is divided by v?
6
Let d(s) = -3*s - 1. Let y be d(-3). Let z be (-4 + 3)*(1 + 0). Let k = y + z. Calculate the remainder when 27 is divided by k.
6
Suppose -9*n + n = -176. Calculate the remainder when 130 is divided by n.
20
Let d = -19 - -69. Calculate the remainder when d is divided by 17.
16
Suppose -13*k + 15*k - 22 = 0. Calculate the remainder when k is divided by 4.
3
Suppose -2*m + 1